 - 2*m + m**h + 2*m**2 + m. Suppose 0 = 3*r - r - 8, -5*v = -3*r + 22. Give o(v).
2
Suppose -5*c + 2 = 12. Let g(o) = o**3 + 3*o**2 - 2. Give g(c).
2
Let b(k) be the second derivative of k**3/6 + k**2/2 - 4*k. Calculate b(-1).
0
Let x(d) = d + 3. Suppose -2*w + f - 6 = 4*f, 4*f = w + 14. Calculate x(w).
-3
Let w be (0 + (-42)/(-9))*-3. Let s = -9 - w. Let j(t) = 5 - t**2 + t**2 + t**2 - 6*t. Give j(s).
0
Let o(u) = -6*u - 4 + 8 - 5*u**2 - 2*u**2 - u**3. Let d be o(-6). Let t(z) = -2 + 7 - z**2 + z**3 - d. What is t(-1)?
-1
Let i(z) = 11*z - 2. Let f(y) = 6*y - 1. Let g(x) = 5*f(x) - 3*i(x). Calculate g(-1).
4
Let m(r) = r - 4. Suppose -5*k = -5*v + 20, 0*k - 5*v + 4 = -k. Let o = k + 7. Suppose -i - 25 = 2*i - 4*a, 5 = -o*i - a. Give m(i).
-7
Let v(w) be the second derivative of w**4/2 + w**2/2 + 11*w. Suppose 0 = -9*z + 4*z + 5. What is v(z)?
7
Let w(b) = -13. Let v(n) = n - 1. Let a(l) = -4*v(l) - w(l). Let k(z) = z - 6. Let h(r) = 6*a(r) + 17*k(r). Let j(o) = -o. Let t be j(-1). What is h(t)?
-7
Suppose -2*a = -3 + 1. Let w be 7*((-2)/14 + a). Let d(u) = -u**2 + 7*u. What is d(w)?
6
Let o(p) = 4*p + 1. Let w = 10 - 14. Give o(w).
-15
Let h be 2/(-11) + (861/77 - 7). Let x(q) = -q**2 + q + 4. Calculate x(h).
-8
Suppose -6 = -5*v + 4. Let x(p) = p**3 - 6*p**2 + v*p + 4 + p**2 - 5*p. Determine x(5).
-11
Suppose -36*t + 38*t = 16. Let c(d) = 2*d - 12. Determine c(t).
4
Let p(d) be the second derivative of 1/6*d**3 + 0 + d - 5/2*d**2. Calculate p(6).
1
Suppose 0 = -n + 7*n + 24. Let a(p) = p + 1. Give a(n).
-3
Let o(p) = 2*p + 1. Let c(i) = i**3 - i**2 - 3*i - 2. Let j be c(3). Let s = 8 - j. Calculate o(s).
3
Let u(k) = -21*k - 36. Let p(f) = 3*f + 5. Let y(g) = -15*p(g) - 2*u(g). Let r(t) = -t**3 + t**2 - 2. Let w be r(0). Determine y(w).
3
Let z(x) = -7*x + 47*x**2 - 25*x**2 - 23*x**2. Suppose 0*i - 2*y + 11 = -3*i, 0 = i - 5*y - 5. What is z(i)?
10
Let r be 6/6*(4 - 1). Let y(b) be the first derivative of b**4/4 - b**3 - b**2/2 + 2*b + 1. Give y(r).
-1
Let m(z) = z**2 - 9*z - 4. Let h be m(10). Suppose 2*l - l = -h. Let y(x) = -x**3 - 7*x**2 - 5*x + 7. Give y(l).
1
Let c(a) = a**3 - a**2 + 2. Let r be c(0). Let v(s) = s + 15. Let y be v(-11). Let k(z) = 2*z - z + y - r*z. Determine k(4).
0
Let b(y) = y**2 + 6*y. Let k(g) = g**3 + 5*g**2 - 4*g + 7. Let i be k(-6). Give b(i).
-5
Let r(g) = 3*g**3 + 3*g**3 + 7*g**2 - 5*g**3 - 7 + 4*g. Let j = 2 + -8. Calculate r(j).
5
Let k(o) = -3 - 101*o + 103*o + 1. What is k(-3)?
-8
Let m(w) = -5*w**3 + w. Let i(j) = -j**3 + 5*j**2 + 5*j + 5. Suppose -n = 4*n - 30. Let g be i(n). What is m(g)?
4
Let q(y) = -y - 9. Let a be q(-15). Let i(p) be the third derivative of p**6/120 - p**5/12 - 5*p**4/24 - 5*p**3/6 + p**2. Determine i(a).
1
Let x = 10 + -4. Let k(b) = -b**3 + 9*b**2 + 7*b - 7. Let s(d) = 3*d**3 - 26*d**2 - 21*d + 21. Let m(u) = 11*k(u) + 4*s(u). Calculate m(x).
1
Let y(x) = -2*x + 6. Let w be (20/(-5))/((-2)/(-8)). Let q be 264/w*(-2)/3. Suppose 2*i + 2*i - q = n, -2*i - 2*n = -18. Calculate y(i).
-2
Let z(l) = 3*l**2 - 27*l - 4. Let w be z(9). Let h(g) = -g**3 - 3*g**2 + 6*g + 6. What is h(w)?
-2
Let j(d) be the first derivative of d**2/2 - 8. Give j(-4).
-4
Let p(m) = -2*m - 8. Let u(s) = -1. Let t(o) = -p(o) + 10*u(o). Let g = -7 - -4. Determine t(g).
-8
Let x be 4/(-10)*(3 - -12). Let l(o) = -2*o - 2. Give l(x).
10
Let a(s) = -s**2 - 4*s + 6. Let b be 4*(-9)/(-60)*5. Suppose 6 + 0 = q + b*w, -10 = 5*q + 5*w. What is a(q)?
-6
Let o(p) = 4*p**2 + 2*p - 3. Let c be (0/5)/5 - 3. Calculate o(c).
27
Let q = -12 + 8. Let o be 26/(-8) + (-1)/q. Let r(v) = v + 4. Determine r(o).
1
Let k(b) = b - 5. Let z(d) = d**2 + 4. Suppose 23 = 4*g - 5*u, -2*g + 3*u + 10 = u. Suppose g*i = -2*i. Let x be z(i). Determine k(x).
-1
Let r(g) be the second derivative of -g**4/12 - g**3 - g**2 + 15*g. Let z = 5 - 3. Let a(i) = -i**2 - i + 1. Let l be a(z). Give r(l).
3
Let f(q) = 2*q**3 + 28 - 15 - 6*q**2 - 18 - q**3. Let l be (-32)/(-6) - 6/(-9). What is f(l)?
-5
Suppose 3*n = 4*n + 1. Let m be 9 - (n + 1 - 2). Let w be 1/3 + m/3. Let v(k) = k**3 - 5*k**2 + 3*k - 1. What is v(w)?
-5
Let v = -25 - -18. Let m(h) = 7*h**3 - 9*h**2 - 18*h + 20. Let s(u) = -10*u**3 + 14*u**2 + 27*u - 30. Let y(t) = v*m(t) - 5*s(t). Determine y(8).
2
Let c(s) be the third derivative of -s**4/2 - s**3/3 + 25*s**2. Determine c(-2).
22
Let b(m) = 3*m - 22. Let l be b(8). Let d(o) be the second derivative of -2*o + 0*o**l + 1/12*o**4 + 0 + 2/3*o**3. Determine d(-5).
5
Let w(k) = -6*k + 0*k + 5*k - 3. Calculate w(-2).
-1
Let n(p) = -5 + 3 + 3 - p. Calculate n(-1).
2
Let c(a) = -6*a - 1. Let n(f) = -8*f - 1. Let x(l) = 3*c(l) - 2*n(l). Determine x(4).
-9
Let u(w) = -w**3 - 8*w**2 + 7*w - 13. Let d = -7 - 2. Determine u(d).
5
Let c(v) = 4*v**3 + 3*v**2 + 2*v - 6. Let d(b) = 5*b**3 + 4*b**2 + 3*b - 7. Let o(k) = 6*c(k) - 5*d(k). Calculate o(-2).
5
Let k(d) be the first derivative of -4*d**3/3 - d**2 - d - 12. Let g be ((-1)/3)/(2/6). Give k(g).
-3
Let l(q) be the second derivative of 0 - q - 5/2*q**2 - 1/12*q**4 + 7/6*q**3. Give l(5).
5
Let g(x) = -x + 8. Let w be g(8). Let p(i) = 2*i**3 + 2*i**2 + 3 - i**3 + w*i**2 + 0. Calculate p(-3).
-6
Let o(g) be the second derivative of -g**5/20 - 7*g**4/12 - 5*g**3/6 + 23*g. Let i be (-1)/2*-2 - 7. Calculate o(i).
-6
Let x = 11 + -6. Let m(o) = 0*o - 4*o + x*o. Determine m(-2).
-2
Let c(y) = -5*y - 3*y - 3 - 11*y + 17*y. Calculate c(-3).
3
Let f(b) = -4*b + 3*b + 3*b. What is f(-5)?
-10
Let y(u) = 2*u + 5. Suppose 0 = -q - 13 + 8. Determine y(q).
-5
Let p(f) be the second derivative of -f**4/12 - 7*f**3/6 - 2*f**2 - 7*f. Give p(-6).
2
Suppose 0 = g - 2 - 3. Let x(y) = g*y - 2 - 5*y - 2 + y. What is x(5)?
1
Let k(v) = -v**3 + 12*v**2 + 13*v + 1. Let l be k(13). Let b(x) = 3 + l - x**2 + 4*x - x**2 + 3*x**2. Suppose 0 = -5*j - 29 + 9. What is b(j)?
4
Let d(p) = 3 + 19*p - 18*p + 4. Determine d(-7).
0
Let u(m) = m**2 + 2*m + 2. Let n(y) = y**3 + 9*y**2 - 11*y - 14. Let s be n(-10). Give u(s).
10
Let p be (-2)/5 - (-10)/25. Let k(b) = 4 + 4*b + p - 2 + 2. Give k(-3).
-8
Suppose -6*r = -15 + 3. Let p(l) = l - 2*l**2 - l**3 + 2*l**r + 5. What is p(0)?
5
Suppose -v + 16 = -5*b, -4*b + 18 = 3*v - 9*b. Let q = -1 + v. Let g(r) = 3*r - 10. Let w(c) = 4*c - 15. Let t(f) = 7*g(f) - 5*w(f). Give t(q).
5
Suppose 2*w + z = -3*z - 16, 4*w + z = -11. Let v(y) = y**2 + y - 1. Let q(c) = 3*c - 5 + 6*c**2 - 2 + 3*c. Let d(o) = -q(o) + 5*v(o). Give d(w).
0
Let w = 13 + -10. Suppose 4 = w*p + 22. Let s(t) = -t**3 - 6*t**2 - t + 6. Determine s(p).
12
Let j(c) = c + 2 - 3*c + 7*c**2 - 12 + c**3. Let q(a) = -a**3 - 14*a**2 - 11*a + 19. Let l be q(-13). Give j(l).
4
Suppose 0 = x + 4*x - 30. Let m = 5 + 3. Let z(p) = 1 + 15 + m - p - 13. Give z(x).
5
Suppose -108 = -5*q + 2*v - 28, -q = 2*v - 4. Let h(b) = -5*b - 41. Let u be h(-9). Suppose q - 34 = -u*l. Let g(n) = n - 1. Calculate g(l).
4
Let a(x) = x + 18. Let o be a(-9). Let p(c) = 10*c**3 + 5*c**2 - o*c**3 - 3*c + 0*c. What is p(-5)?
15
Let a(t) = t**2 - 6*t + 5. Suppose 5*w - 5*q = -5, -2*w - 2*w + 36 = 4*q. Determine a(w).
-3
Let f(g) be the third derivative of -g**6/120 - 2*g**5/15 + g**4/3 - 2*g**3/3 + 3*g**2 + 18. Determine f(-9).
5
Let j(w) = -w**2 + 5*w + 1. Let c(u) = u**2 + 2*u - 4. Let f be c(4). Suppose 2*d = -2*d + f. Give j(d).
1
Suppose 8 = 2*f + t, 1 - 16 = -f + 5*t. Let g be (f - 0)*4/10. Let o(b) = -2*b**2 + 2*b**2 + b**2 - 3*b. Give o(g).
-2
Let t(w) = 13*w + 3. Let y(a) be the second derivative of -a**3 - a**2/2 + 4*a. Let b(s) = -4*t(s) - 9*y(s). Calculate b(3).
3
Let l(x) be the first derivative of -5*x**2 - x + 4. Calculate l(-1).
9
Let n(t) be the second derivative of t**8/6720 - t**7/360 + t**6/120 - 3*t**5/40 + t**4/3 - 7*t. Let b(m) be the third derivative of n(m). Give b(6).
-9
Let f(t) be the first derivative of -t**4/4 - 8*t**3/3 - 7*t**2/2 + 6*t + 16. Give f(-7).
6
Let h(v) be the third derivative of -v**7/2520 + v**6/720 + v**5/120 - v**4/8 - 4*v**2. Let j(r) be the second derivative of h(r). Determine j(3).
-5
Suppose -3*t = -5*t + 2. Let f(p) = 0*p - 3 + 5*p + 2 + 3*p. Give f(t).
7
Let p(h) be the third derivative of -h**6/120 + h**5/12 - h**4/6 + h**3 + 6*h**2. What is p(4)?
6
Let c(u) = -5*u - 11. Let l be (-4)/(-8) + (-15)/(-2). Let r(p) = 